{"id":1234,"date":"2024-02-22T14:32:41","date_gmt":"2024-02-22T20:32:41","guid":{"rendered":"https:\/\/miprotectordigital.com\/?page_id=1234"},"modified":"2024-05-23T21:25:43","modified_gmt":"2024-05-24T03:25:43","slug":"autoevaluacion","status":"publish","type":"page","link":"https:\/\/miprotectordigital.com\/index.php\/autoevaluacion\/","title":{"rendered":"Autoevaluaci\u00f3n"},"content":{"rendered":"\n<div class=\"wp-block-stackable-call-to-action alignwide stk-block-call-to-action stk-block stk-28b8c4d is-style-default\" data-v=\"2\" data-block-id=\"28b8c4d\"><style>.stk-28b8c4d .stk-block-call-to-action__content{padding-top:64px !important;padding-bottom:64px !important}<\/style><div class=\"stk-block-call-to-action__content stk-content-align stk-28b8c4d-column alignwide stk-container stk-28b8c4d-container stk-hover-parent\"><div class=\"has-text-align-center stk-block-content stk-inner-blocks stk-28b8c4d-inner-blocks\">\n<div class=\"wp-block-stackable-heading stk-block-heading stk-block-heading--v2 stk-block stk-7bfc947\" id=\"span-style-color-ffffff-class-stk-highlight-herramientas-de-autenticacion-de-dos-factores-2-fa-span\" data-block-id=\"7bfc947\"><style>.stk-7bfc947 .stk-block-heading__text{font-size:63px !important}@media screen and (max-width:999px){.stk-7bfc947 .stk-block-heading__text{font-size:50px !important}}<\/style><h2 class=\"stk-block-heading__text has-text-align-center\">Bienvenido<\/h2><\/div>\n\n\n\n<div class=\"wp-block-stackable-text stk-block-text stk-block stk-3d12fd9\" data-block-id=\"3d12fd9\"><style>.stk-3d12fd9{margin-bottom:36px !important}.stk-3d12fd9 .stk-block-text__text{font-size:20px !important}@media screen and (max-width:999px){.stk-3d12fd9 .stk-block-text__text{font-size:20px !important}}<\/style><p class=\"stk-block-text__text\">Ahora, que has visitado ya nuestra p\u00e1gina y has visto todo el contenido, el reto es contestar esta autoevaluaci\u00f3n y que puedas observar tu avance en cuanto al progreso que has tenido en esta informaci\u00f3n b\u00e1sica  pero de gran utilidad.<\/p><\/div>\n\n\n\n<div class=\"wp-block-stackable-text stk-block-text stk-block stk-12900a3\" data-block-id=\"12900a3\"><style>.stk-12900a3{margin-bottom:36px !important}.stk-12900a3 .stk-block-text__text{font-size:20px !important}@media screen and (max-width:999px){.stk-12900a3 .stk-block-text__text{font-size:20px !important}}<\/style><p class=\"stk-block-text__text\"><strong>\u00a1Estas listo!<\/strong><\/p><\/div>\n\n\n\n<div class=\"wp-block-stackable-columns alignwide stk-block-columns stk-block stk-2d5a45e\" data-block-id=\"2d5a45e\"><style>.stk-2d5a45e .stk--block-align-2d5a45e{align-items:center !important}.stk-2d5a45e-column{justify-content:center !important}<\/style><div class=\"stk-row stk-inner-blocks has-text-align-center stk--block-align-2d5a45e stk-block-content stk-content-align stk-2d5a45e-column stk--flex alignwide\">\n<div class=\"wp-block-stackable-column stk-block-column stk-column stk-block stk-7695a04\" data-v=\"4\" data-block-id=\"7695a04\"><div class=\"stk-column-wrapper stk-block-column__content stk-container stk-7695a04-container stk--no-background stk--no-padding\"><div class=\"stk-block-content stk-inner-blocks stk-7695a04-inner-blocks\">\n<iframe data-src=\"https:\/\/docs.google.com\/forms\/d\/e\/1FAIpQLScmcuDEnc6zz_NconwV36p9u-A5grcNS_SpzRbzmCQ0z8sciw\/viewform?embedded=true\" width=\"800\" height=\"600\" frameborder=\"0\" marginheight=\"0\" marginwidth=\"0\" src=\"data:image\/svg+xml;base64,PHN2ZyB3aWR0aD0iMSIgaGVpZ2h0PSIxIiB4bWxucz0iaHR0cDovL3d3dy53My5vcmcvMjAwMC9zdmciPjwvc3ZnPg==\" class=\"lazyload\" data-load-mode=\"1\">Cargando\u2026<\/iframe>\n<\/div><\/div><\/div>\n<\/div><\/div>\n\n\n\n<div class=\"wp-block-stackable-button-group stk-block-button-group stk-block stk-857671a\" data-block-id=\"857671a\"><style>.stk-857671a{margin-bottom:40px !important}<\/style><div class=\"stk-row stk-inner-blocks stk-block-content stk-button-group\"><\/div><\/div>\n\n\n\n<div class=\"wp-block-stackable-button-group stk-block-button-group stk-block stk-a66c4f4\" data-block-id=\"a66c4f4\"><style>.stk-a66c4f4{margin-bottom:8px !important}<\/style><div class=\"stk-row stk-inner-blocks stk-block-content stk-button-group\"><\/div><\/div>\n<\/div><\/div><\/div>\n","protected":false},"excerpt":{"rendered":"<p>Bienvenido Ahora, que has visitado ya nuestra p\u00e1gina y has visto todo el contenido, el reto es contestar esta autoevaluaci\u00f3n y que puedas observar tu avance en cuanto al progreso que has tenido en esta informaci\u00f3n b\u00e1sica pero de gran utilidad. \u00a1Estas listo! Cargando\u2026<\/p>\n","protected":false},"author":1,"featured_media":0,"parent":0,"menu_order":0,"comment_status":"closed","ping_status":"closed","template":"","meta":{"footnotes":""},"class_list":["post-1234","page","type-page","status-publish","hentry"],"blocksy_meta":[],"_links":{"self":[{"href":"https:\/\/miprotectordigital.com\/index.php\/wp-json\/wp\/v2\/pages\/1234","targetHints":{"allow":["GET"]}}],"collection":[{"href":"https:\/\/miprotectordigital.com\/index.php\/wp-json\/wp\/v2\/pages"}],"about":[{"href":"https:\/\/miprotectordigital.com\/index.php\/wp-json\/wp\/v2\/types\/page"}],"author":[{"embeddable":true,"href":"https:\/\/miprotectordigital.com\/index.php\/wp-json\/wp\/v2\/users\/1"}],"replies":[{"embeddable":true,"href":"https:\/\/miprotectordigital.com\/index.php\/wp-json\/wp\/v2\/comments?post=1234"}],"version-history":[{"count":7,"href":"https:\/\/miprotectordigital.com\/index.php\/wp-json\/wp\/v2\/pages\/1234\/revisions"}],"predecessor-version":[{"id":1887,"href":"https:\/\/miprotectordigital.com\/index.php\/wp-json\/wp\/v2\/pages\/1234\/revisions\/1887"}],"wp:attachment":[{"href":"https:\/\/miprotectordigital.com\/index.php\/wp-json\/wp\/v2\/media?parent=1234"}],"curies":[{"name":"wp","href":"https:\/\/api.w.org\/{rel}","templated":true}]}}